Let q = l + -18. Calculate the greatest common divisor of 253 and q.
23
Suppose 0 = 4*n - 2*h - 364, 5*n - 122 = h + 333. Calculate the greatest common divisor of 28 and n.
7
Let m be ((-1)/((-40)/450))/((-6)/(-32)). Calculate the greatest common divisor of 84 and m.
12
Let p be ((-3)/(-9))/((-13)/(-47619)). Calculate the greatest common divisor of p and 66.
33
Suppose 4*c + 129 - 173 = 0. What is the greatest common divisor of c and 253?
11
Let b be (-96)/80*(-20)/6. What is the highest common factor of b and 14?
2
Let s(d) = d**3 - 10*d**2 + 8*d - 35. Let x be s(10). What is the greatest common divisor of 75 and x?
15
Let j be 160 + (-2)/2 + 1. Suppose 0 = 2*f + 2*f + j. Let x = f - -56. Calculate the highest common factor of 32 and x.
16
Suppose -3*p + 9 = s - 11, 0 = s - 5*p + 12. Let f be 54/s + 24/(-32). Let k = 19 - f. Calculate the highest common factor of 78 and k.
13
Let v be 5 - 0*4/(-12). Let r(j) = -j + 6*j - v*j - 6*j**3. Let y be r(-1). Calculate the greatest common divisor of 24 and y.
6
Suppose 0 = -73*z + 70*z + 30. Let t be 0/(-2) + z + 2. What is the highest common factor of t and 12?
12
Let h(x) = 2*x**3 - 8*x**2 - 39*x + 2. Let k be h(7). Suppose 0 = -4*q + 1 + 3. Let a be (-230)/(-2) + (q - 1). What is the greatest common factor of k and a?
23
Let m(b) = 6*b + 2. Let k be m(4). Suppose -2 - k = -4*f. Let i = f - -2. Calculate the greatest common factor of 6 and i.
3
Let m(t) = -t**3 - 34*t**2 - 32*t + 93. Let g be m(-33). Calculate the greatest common factor of 24 and g.
12
Let s = -415 - -823. Calculate the highest common factor of 72 and s.
24
Suppose 7*l - 9 = 5. Suppose 5*b - l*h - 109 = -6*h, 3*b = 3*h + 87. Calculate the greatest common factor of 125 and b.
25
Let g be (720/(-64))/((-18)/48). Calculate the greatest common divisor of 20 and g.
10
Let x = 49 + -60. Let r(l) = l**3 + 12*l**2 + 12*l + 15. Let k be r(x). Calculate the greatest common factor of 44 and k.
4
Let h = 24 - 37. Let j = 36 + h. Calculate the greatest common factor of j and 23.
23
Let f be (-3 - (-2 - 2)) + 24. Suppose i = v - 102, 4*v - 338 = -3*i + 56. What is the greatest common factor of f and v?
25
Suppose 0 = -4*n + 56 + 104. Suppose 0 = 38*v - n*v + 28. Calculate the greatest common factor of v and 2.
2
Suppose -2*m - 28 + 2 = -4*h, 10 = -h - 5*m. Suppose 24 = h*t - 6. Calculate the greatest common factor of 33 and t.
3
Suppose -4 = o - 0*o. Let j be ((-12)/9)/(o/66). Calculate the greatest common factor of 11 and j.
11
Let k be (8/(-3))/(8/(-48)). Suppose 4*a = -4*l + 84, 6*a - 2*a + k = l. Suppose 0*p + 640 = 4*p. What is the greatest common divisor of l and p?
20
Let x = 29 - 59. Let d be 35/x*3*-2. What is the greatest common factor of 28 and d?
7
Suppose -16 - 65 = -l. Let h = 45 + -18. Calculate the highest common divisor of l and h.
27
Let p = 2439 - 996. Calculate the highest common divisor of p and 39.
39
Let z(j) = -28*j - 131. Let g be z(-5). Calculate the highest common factor of g and 225.
9
Let k = 2 - 0. Let y be (3/6 + 0)*0. Suppose y = 2*m + k*m - 52. Calculate the greatest common factor of 91 and m.
13
Suppose 0 = 5*h + 3*u - 90, -4*h + 20 = -2*h - 2*u. Suppose -12 = -2*m + 5*g - 4, m + 3*g = h. Calculate the greatest common divisor of 9 and m.
9
Let k = 591 + -556. What is the highest common divisor of k and 161?
7
Suppose v - 43 = -9*y + 4*y, -3*y = 2*v - 23. Let k = y + -15. Let r = k - -8. Calculate the greatest common factor of 2 and r.
2
Suppose -29*n = -23*n - 12. Suppose -4*h + 42 = 2*h. Calculate the highest common divisor of h and n.
1
Suppose 60 - 144 = -6*m. Calculate the highest common factor of 42 and m.
14
Suppose -5*h + 88 = -162. Let r = -12 - -90. Suppose 122 + r = 8*q. Calculate the greatest common factor of q and h.
25
Let k(c) = 3*c + 28. Let m be k(-8). Suppose -3*b + 2*v = -6*b + 70, -80 = -3*b - m*v. Calculate the greatest common divisor of 4 and b.
4
Suppose -4*g + 14 = -2*p, 0*g = -g - 4*p - 10. Let o be 2 - (-36 - (2 + 1)). Let h be o/4 + (-5)/20. Calculate the greatest common factor of g and h.
2
Let y be -3*28/(-21) - -22. What is the highest common factor of y and 13?
13
Suppose -1578 = -52*u + 762. Suppose -5*b + 100 = -0*b. Suppose -2*c = b - 50. Calculate the greatest common factor of u and c.
15
Let s be (-7)/(168/54)*7*-4. Calculate the greatest common factor of 252 and s.
63
Let j be -3 - 147/(-4)*(2 + 2). What is the highest common divisor of j and 18?
18
Suppose 0 = 5*k - 5*c - 50, -2*c + 6*c + 45 = 5*k. Suppose -6*p + 301 + 29 = 0. What is the greatest common factor of p and k?
5
Suppose 4*l - 10 = -y - 47, 0 = -y - 2*l - 31. Let v = -50 - -32. Let u = v - y. What is the greatest common factor of 21 and u?
7
Let c be (-4)/(-6) - (-200)/6. Let u = -263 + 563. Suppose -4*a = -40 - u. Calculate the greatest common factor of c and a.
17
Let z be (12 - 21)*(-4 - -67)/(-1). What is the greatest common factor of 63 and z?
63
Let y = -1 - -20. Let n(g) = 17*g**2 - 6*g. Let o be ((-22)/5 - -2) + 9/(-15). Let k be n(o). What is the greatest common factor of k and y?
19
Suppose 12*v - 82 + 10 = 0. Calculate the highest common divisor of v and 42.
6
Suppose -1801 = -10*a - 1. Calculate the greatest common factor of 630 and a.
90
Suppose 3*i - 5*o = 236, 2*i - 5*o = -2*o + 158. What is the highest common factor of 2050 and i?
82
Suppose -2*z = -3*o - 3*z + 38, -2*o + 17 = -z. What is the highest common divisor of 3 and o?
1
Let p(a) = a**2 + 23*a - 15. Let u be p(-25). What is the greatest common factor of 7 and u?
7
Suppose -24*f - 540 = -28*f. What is the greatest common factor of f and 5?
5
Let u be 3926/7 - 125/(-875). Calculate the highest common factor of 66 and u.
33
Let s(l) = -4*l**2 + 4*l - 8. Let p(z) = z**2. Let r(i) = 5*p(i) + s(i). Let k = -9 + 15. Let j be r(k). Calculate the greatest common factor of j and 13.
13
Let f = 442 + -333. Calculate the highest common divisor of 1 and f.
1
Suppose -4*w + 82 = 3*v, 0*v + v = 4*w + 22. Let i be 727/4 - 2/(-8). Calculate the highest common factor of i and v.
26
Suppose -4*j - 5*d + 43 = 0, -j - 2*d + 10 = -0*j. Let p be (4/j)/((-2)/(-120)). What is the greatest common divisor of 60 and p?
20
Suppose -4*t + 2 - 6 = 0, 5*i = 2*t + 282. Calculate the greatest common divisor of i and 16.
8
Suppose 2*t + 103 = n, -305 = -3*n + 4*t - 0*t. Calculate the greatest common divisor of 132 and n.
33
Suppose 0 = 5*s - 5, -14 - 62 = -4*v - 4*s. Let g = 3 + 2. Suppose g*r - h + 0*h - 806 = 0, -3*h = 2*r - 336. Calculate the greatest common factor of r and v.
18
Suppose 115 = 4*p - 5*q - 392, -522 = -4*p + 2*q. What is the greatest common factor of 57 and p?
19
Let x = 57 + -55. Let m be (18/15)/(x/45). What is the highest common divisor of 18 and m?
9
Let t = 127 + -83. Suppose 3*l = 152 - t. Calculate the highest common divisor of l and 24.
12
Let l(f) = 113*f + 121. Let g be l(11). Calculate the greatest common factor of g and 11.
11
Let r be ((-7)/(-3) + -1)*114. Suppose -169 = -12*x + 59. What is the greatest common divisor of x and r?
19
Let y be 2/4*(-20850)/25. Let n = 705 + y. Let v = -85 - -121. Calculate the highest common factor of v and n.
36
Let n(c) = -2*c**3 + 2*c**2 + 4 - 2 - 4*c + c**2 + 5*c. Let x be n(-3). What is the highest common factor of 16 and x?
16
Suppose 86*r - 624 = 74*r. What is the greatest common divisor of 390 and r?
26
Let n be (-1)/1 - (-212)/2. Let d = n + -68. Suppose -4*f - 144 = 14*u - 15*u, -3*u - 2*f + 446 = 0. Calculate the highest common factor of d and u.
37
Suppose -47 = -2*y + 2*u + 77, -2*y - 3*u + 149 = 0. Calculate the highest common factor of y and 335.
67
Suppose -x - 4*r + 136 = 36, x + r - 100 = 0. Calculate the greatest common divisor of 75 and x.
25
Let c = 260 - 248. What is the highest common factor of c and 12?
12
Suppose -60 = -3*p - p - 4*o, -5*p - 3*o + 67 = 0. Suppose -53*m - 44 = -54*m. What is the highest common factor of m and p?
11
Suppose -4*k + 346 = 5*m, 43 - 116 = -m + 3*k. Calculate the highest common factor of m and 42.
14
Suppose 0 = -3*p - p + 12. Suppose -r - 18 = -3*x - p*r, 4*x - 19 = -r. What is the highest common divisor of x and 44?
4
Let i be -2 - (-134)/2*2. Suppose 2 = -2*p + 13 + 13. Calculate the greatest common divisor of p and i.
12
Let t(x) = -9*x**2. Let j be t(